= -4*b**2 + 37*b - 66. What is q(15)?
-411
Let s(u) = -522*u**2 - 1123*u - 1. Give s(-2).
157
Let u(k) = -33*k - 376. Give u(9).
-673
Let f(t) = t**2 + 362*t - 5286. Give f(14).
-22
Let n(w) = w**2 - 436*w + 5488. Calculate n(13).
-11
Let k(f) = -9*f + 163. Calculate k(-6).
217
Let s(j) = -49*j + 232. What is s(11)?
-307
Let q(m) = -m**2 - 105*m + 2402. Give q(20).
-98
Let w(i) = i**3 - 23*i**2 + 49*i + 38. Calculate w(3).
5
Let o(y) = -y**3 + 3*y**2 + 23*y + 44. Give o(7).
9
Let y(w) = 2*w**3 - 209*w**2 - 111*w + 604. Calculate y(105).
-26
Let n(o) = -o - 6. Calculate n(1).
-7
Let i(c) = 3773*c - 11318. Give i(3).
1
Let i(x) = x**3 + 5*x**2 + 30*x + 426. What is i(-8)?
-6
Let r(v) = 1953*v - 5863. Calculate r(3).
-4
Let x(d) = 99*d + 618. Give x(-4).
222
Let r(u) = 13*u**2 - 727*u + 732. Determine r(1).
18
Let j(y) = -y**3 + 13*y**2 + 15*y - 298. Calculate j(12).
26
Let z(h) = 120*h**2 + 9481*h + 93. Give z(-79).
14
Let j(t) = -t**3 + 4*t**2 + 71*t + 46. Give j(-5).
-84
Let q(j) = -j**3 + 67*j**2 - 5*j + 336. What is q(67)?
1
Let c(k) = 9*k**2 + 53*k - 595. What is c(9)?
611
Let w(f) = -f**2 - 41*f + 442. What is w(-50)?
-8
Let v(f) = -2*f**2 - 36*f + 24. Calculate v(-17).
58
Let g(m) = m**2 + 103*m - 306. Calculate g(3).
12
Let c(h) = -2*h**2 - 57*h + 94. What is c(-31)?
-61
Let q(n) = -n**3 + 15*n**2 + 21*n + 97. What is q(16)?
177
Let l(k) = -k**3 + 20*k**2 - 35*k + 293. Determine l(19).
-11
Let a(k) = -k**2 + 2*k. Determine a(14).
-168
Let o(v) = -377*v - 15828. Determine o(-42).
6
Let c(f) = -3*f**3 - 9*f**2 + 10*f - 1. Give c(-3).
-31
Let k(f) = 8*f**2 - 12*f - 33. What is k(9)?
507
Let m(a) = 8*a**2 - 905*a + 999. Give m(112).
-9
Let q(w) = 1451*w - 37704. Give q(26).
22
Let a(y) = y**2 - 20*y - 253. What is a(27)?
-64
Let n(q) = -q**3 - 31*q**2 + 142*q + 78. Give n(-35).
8
Let u(c) = -c**3 - 21*c**2 - 57*c - 23. Determine u(-18).
31
Let b(c) = c**3 + 8*c**2 - 11*c - 43. What is b(-9)?
-25
Let h(q) = -q**3 + 5*q**2 + 18*q + 1. Determine h(7).
29
Let h(n) = -136*n - 10314. What is h(-76)?
22
Let s(z) = 1171*z - 5872. Give s(5).
-17
Let w(l) = 37*l - 2527. Give w(68).
-11
Let m(l) = -20*l + 779. Give m(-9).
959
Let f(r) = -47*r + 1039. What is f(22)?
5
Let b(c) = -c**2 - 27*c - 72. Calculate b(-4).
20
Let c(k) = 250*k + 14245. Give c(-57).
-5
Let c(k) = k**3 - 3633*k**2 + 21762*k - 3. Determine c(6).
-3
Let a(z) = -z**3 + 10*z**2 + 45*z - 56. What is a(13)?
22
Let v(l) = 2167*l - 4271. What is v(2)?
63
Let y(l) = l**3 - 39*l**2 + 37*l + 62. Determine y(38).
24
Let t(v) = -3*v**3 + 304*v**2 - 102*v + 219. What is t(101)?
118
Let m(u) = -378*u + 2641. Give m(7).
-5
Let f(m) = -m**2 - 14*m - 11. What is f(-11)?
22
Let w(c) = -c**2 - c + 13. What is w(-6)?
-17
Let j(d) = d**2 - 38*d - 365. What is j(-7)?
-50
Let f(u) = -162*u + 567. What is f(1)?
405
Let f(g) = -g**2 + 37*g + 75. Determine f(-2).
-3
Let i(u) = -11*u**2 + 140*u + 14. Determine i(13).
-25
Let g(z) = z**2 + 376*z + 2230. Give g(-6).
10
Let j(i) = 30*i**3 + 2*i**2 + 10*i + 7. What is j(-1)?
-31
Let m(u) = 6*u - 8. Give m(-12).
-80
Let s(a) = -a**3 + a**2 - 287*a - 6. Give s(0).
-6
Let l(r) = r**3 + 6*r**2 + 17*r + 10. Calculate l(-5).
-50
Let f(h) = h**3 - 9*h**2 + 2*h - 25. Calculate f(9).
-7
Let k(m) = m**3 - 14*m**2 - 19*m - 37. Give k(17).
507
Let i(l) = 978*l + 10755. Give i(-11).
-3
Let d(f) = -25*f - 89. Determine d(-9).
136
Let h(g) = 52*g - 1474. What is h(30)?
86
Let l(v) = -32*v - 382. Give l(-8).
-126
Let m(a) = -151*a - 17665. Calculate m(-117).
2
Let u(k) = 18*k**3 + k**2 + 102*k + 102. What is u(-1)?
-17
Let v(w) = -7*w**2 + 14*w + 250. Calculate v(7).
5
Let u(z) = -4*z - 318. Determine u(-106).
106
Let t(x) = 248*x + 14389. Calculate t(-58).
5
Let y(b) = -4*b**3 + b**2 + 2*b - 2. Give y(1).
-3
Let l(k) = -2*k**2 - 177*k + 724. What is l(-92)?
80
Let s(x) = x**2 - 57*x - 167. Calculate s(-3).
13
Let p(w) = 4*w**2 + 188*w + 1046. Give p(-41).
62
Let v(b) = 3*b**3 + 14*b**2 - 10*b - 4. Give v(3).
173
Let v(k) = 2*k**3 - 80*k**2 + 79*k - 36. Determine v(39).
3
Let n(i) = 4*i**2 + 147*i - 76. Calculate n(-36).
-184
Let y(z) = -211*z - 1477. Determine y(-8).
211
Let l(t) = -t**3 - 41*t**2 + 302*t + 3328. Calculate l(-46).
16
Let f(v) = -774*v**2 + 15483*v - 50. What is f(20)?
10
Let j(x) = x**2 + 49*x - 427. Calculate j(-57).
29
Let r(h) = 15*h + 115. Give r(-7).
10
Let f(i) = -i**3 - 148*i**2 + 50*i + 7406. Determine f(-148).
6
Let m(g) = -g**2 + 478*g - 3303. Determine m(7).
-6
Let t(v) = -2*v**2 - 360*v - 9231. Calculate t(-31).
7
Let o(n) = -15*n + 158. Determine o(11).
-7
Let v(x) = -x**3 + 91*x**2 + 181*x + 488. Determine v(93).
23
Let l(k) = 2*k**2 - 66*k - 73. Determine l(34).
-5
Let n(u) = -71*u**2 - 61. Determine n(0).
-61
Let i(q) = q**3 + q**2 - 7*q - 20. Give i(-3).
-17
Let v(a) = -16*a - 135. Determine v(-10).
25
Let v(a) = a**2 + 222*a - 1867. Give v(8).
-27
Let n(p) = 5*p**2 + 10*p - 62. Determine n(3).
13
Let t(q) = -681*q - 52. Give t(1).
-733
Let y(t) = 2*t**2 + 4*t + 8. Give y(2).
24
Let k(d) = -26*d**2 - 954*d - 637. Determine k(-36).
11
Let x(w) = w**3 + 54*w**2 - 107*w + 289. What is x(-56)?
9
Let x(q) = 17*q**2 - 110*q + 49. Determine x(6).
1
Let n(c) = 34*c + 35. Give n(5).
205
Let p(u) = -u**3 - 21*u**2 + 69*u - 62. What is p(-24)?
10
Let a(y) = -y**3 - 37*y**2 - 62*y + 103. Determine a(-35).
-177
Let c(l) = -20*l**2 + 1822*l - 172. Give c(91).
10
Let b(g) = -10*g + 65. What is b(4)?
25
Let s(b) = -349*b - 2104. Calculate s(-6).
-10
Let x(j) = 9*j + 71. Calculate x(-6).
17
Let x(c) = 75*c + 1364. Determine x(-18).
14
Let f(a) = -a**3 + 10*a**2 + 16*a - 36. Give f(11).
19
Let k(v) = 105*v - 3040. What is k(29)?
5
Let q(x) = 13*x**2 - 167*x + 9. Determine q(14).
219
Let c(w) = 102*w**2 + 205*w + 4. Give c(-2).
2
Let o(b) = -2*b**3 - 23*b**2 + 24*b + 164. What is o(-12)?
20
Let k(p) = -p**2 + 3*p + 8. Calculate k(7).
-20
Let l(o) = 37*o + 77. Give l(12).
521
Let i(p) = p**3 - 6*p**2 + 13*p - 14. What is i(4)?
6
Let t(p) = -p**2 - 6110*p - 42706. Determine t(-7).
15
Let m(f) = 2*f**3 - 162*f**2 + 1036*f + 3. What is m(7)?
3
Let i(r) = -r**2 + 206*r - 9621. Give i(134).
27
Let u(f) = -3*f**2 + 14*f - 33. What is u(2)?
-17
Let b(v) = 24*v**3 - 5*v + 12. Calculate b(2).
194
Let g(v) = v**2 - 761*v + 18388. Give g(25).
-12
Let j(s) = -s**3 + 14*s**2 + 129*s - 1840. Calculate j(13).
6
Let d(x) = -22*x**2 + 16*x + 19. What is d(-2)?
-101
Let y(p) = -4*p**2 + 37*p - 105. What is y(7)?
-42
Let b(y) = y**3 - 15*y**2 + 9*y + 19. What is b(13)?
-202
Let r(o) = o**2 + 10*o - 39. What is r(-10)?
-39
Let j(t) = -t**2 + 14*t + 1249. Give j(-29).
2
Let n(c) = 21*c - 452. Determine n(22).
10
Let u(q) = -5*q**2 + 71*q - 4. What is u(14)?
10
Let o(z) = -z**2 + 9*z + 3. Determine o(5).
23
Let z(q) = 17*q + 814. Give z(-45).
49
Let k(x) = -28*x**2 - 3275*x + 52. Give k(-117).
-65
Let t(z) = 284*z**2 + 1994*z + 13. Determine t(-7).
-29
Let q(x) = -9*x**2 - 494*x + 71. What is q(-55)?
16
Let m(y) = y**3 + 5*y**2 - 11*y - 18. What is m(-6)?
12
Let j(d) = -d**2 - 5*d + 33. Give j(-5).
33
Let t(f) = -673*f + 2694. Give t(4).
2
Let k(o) = 6*o**2 - 51*o - 1082. Give k(-10).
28
Let g(y) = y**3 - 28*y**2 + 196*y - 16. Calculate g(15).
-1
Let m(v) = -v**3 - 3*v**2 + 3*v + 14. Calculate m(-4).
18
Let s(b) = -1118*b - 31304. What is s(-28)?
0
Let h(n) = -2*n**3 + 61*n**2 + 39*n - 16. Calculate h(31).
232
Let u(l) = -l**3 - 20*l**2 - 45*l - 1. Determine u(-18).
161
Let y(h) = 3*h**2 - 83*h - 441. Determine y(33).
87
Let k(g) = 7*g**2 + 13*g - 48. What is k(6)?
282
Let x(y) = 35*y + 565. What is x(-53)?
-1290
Let k(s) = 816*s - 70. Calculate k(1).
746
Let q(z) = z**2 + 38*z + 270. Calculate q(-26).
-42
Let s(w) = 2*w**2 + 43*w + 14. Determine s(-10).
-216
Let j(o) = -39*o**2 + 108*o + 212. Determine j(-2).
-160
Let g(k) = k**3 + 126*k**2 - 476*k - 179. Calculate g(4).
-3
Let i(o) = 2530*o + 20232. What is i(-8)?
-8
Let w(z) = 1891*z - 17000. What is w(9)?
19
Let t(v) = -2*v**2 + 22*v - 9. Calculate t(16).
-169
Let q(h) = -15*h + 168. Calculate q(11).
3
Let o(f) = f**2 - 19*f - 154. Give o(-6).
-4
Let u(b) = -3*b**3 + 18*b**2 - 10*b + 44. Determine u(6).
-16
Let l(z) = -19*z + 381. Give l(20).
1
Let j(n) = -5672*n + 11342. Calculate j(2).
-2
Let j(n) = -9*n**3 + 163*n**2 - 21*n